{"id":36713,"date":"2024-05-28T08:59:48","date_gmt":"2024-05-28T06:59:48","guid":{"rendered":"https:\/\/apte.org\/evento-de-agenda\/startup-ole-marbella-june-26-28\/"},"modified":"2024-05-28T08:59:48","modified_gmt":"2024-05-28T06:59:48","slug":"startup-ole-marbella-june-26-28","status":"publish","type":"evento-de-agenda","link":"https:\/\/www.apte.org\/en\/startup-ole-marbella-26-28-june\/","title":{"rendered":"Startup Ol\u00e9 Marbella (June 26-28)"},"content":{"rendered":"<p><span style=\"font-size:16px;\">The I innovation and technological entrepreneurship fair &#8216;Startup OL\u00c9 Marbella&#8217; will take place from <strong>June 26th to 28th at the Andaluc\u00eda Lab facilities in Marbella.<\/strong> This new project aims to connect entrepreneurs with investors, facilitating meetings that can generate high-level business.  <\/span><\/p>\n<p><span style=\"font-size:16px;\">The fair will include various forums aimed at investors, corporations, cybersecurity, accelerators, impact and universities. In addition, it will feature exclusive content such as round tables and plenary talks with great speakers, a startup fair, pitch competitions, business rounds and networking activities. This initiative promises to be a significant meeting point for the technology and entrepreneurial sector, boosting innovation and business development in the region.  <\/span><\/p>\n<p><em><strong><span style=\"font-size:16px;\">June 26 &#8211; 17:30 &#8211; 18:00h. Round table: <\/span><span style=\"font-size:16px;\">&nbsp;Support for entrepreneurship in Spanish Science and Technology Parks&#8217;.<\/span><\/strong><\/em><\/p>\n<ul>\n<li><span style=\"font-size:16px;\">Moderator: Soledad D\u00edaz, Managing Director, APTE<\/span><\/li>\n<li><span style=\"font-size:16px;\">Blanca G\u00f3mez, Head of Entrepreneurship PCT Cartuja<\/span><\/li>\n<li><span style=\"font-size:16px;\">Natalia P\u00e9rez, Director of Communication, Innovation and Institutional Relations of M\u00e1lagaTechPark<\/span><\/li>\n<\/ul>\n<p><span style=\"font-size:16px;\"><strong><em>June 28 &#8211; 11:00h &#8211; 11:30h. Round Table: &#8216;Technological Disruption as a Tool for Business Competitiveness&#8217;.<\/em><\/strong><\/span><\/p>\n<ul>\n<li><span style=\"font-size:16px;\">Moderator: Soledad D\u00edaz, Managing Director, APTE<\/span><\/li>\n<li><span style=\"font-size:16px;\">\u00c1lvaro Monllor. Findit App (Alicante Science Park)<\/span><\/li>\n<li><span style=\"font-size:16px;\">Aniel Jardines. Applied Innovative Methods, Sl. &nbsp;(Science Park of the Carlos III University)<\/span><\/li>\n<li><span style=\"font-size:16px;\"><span style=\"font-family:Arial,Helvetica,sans-serif;\">Patricia Gal\u00e1n. Tamiza (M\u00e1laga TechPark) <\/span><\/span><\/li>\n<\/ul>\n<p><a href=\"https:\/\/startupolemarbella.eu\/\" target=\"_blank\"><span style=\"font-size:16px;\">More information<\/span><\/a><\/p>\n","protected":false},"featured_media":14619,"template":"","tipo-de-evento":[1000],"class_list":["post-36713","evento-de-agenda","type-evento-de-agenda","status-publish","has-post-thumbnail","hentry","tipo-de-evento-other"],"acf":[],"yoast_head":"<!-- This site is optimized with the Yoast SEO plugin v27.5 - https:\/\/yoast.com\/product\/yoast-seo-wordpress\/ -->\n<title>Startup Ol\u00e9 Marbella (June 26-28)<\/title>\n<meta name=\"robots\" content=\"index, follow, max-snippet:-1, max-image-preview:large, max-video-preview:-1\" \/>\n<link rel=\"canonical\" href=\"https:\/\/www.apte.org\/en\/startup-ole-marbella-26-28-june\/\" \/>\n<meta property=\"og:locale\" content=\"en_US\" \/>\n<meta property=\"og:type\" content=\"article\" \/>\n<meta property=\"og:title\" content=\"Startup Ol\u00e9 Marbella (June 26-28)\" \/>\n<meta property=\"og:description\" content=\"The I innovation and technological entrepreneurship fair &#8216;Startup OL\u00c9 Marbella&#8217; will take place from June 26th to 28th at the Andaluc\u00eda Lab facilities in Marbella. This new project aims to connect entrepreneurs with investors, facilitating meetings that can generate high-level business. The fair will include various forums aimed at investors, corporations, cybersecurity, accelerators, impact and...\" \/>\n<meta property=\"og:url\" content=\"https:\/\/www.apte.org\/en\/startup-ole-marbella-26-28-june\/\" \/>\n<meta property=\"og:site_name\" content=\"APTE\" \/>\n<meta property=\"og:image\" content=\"https:\/\/apte.org\/wp-content\/uploads\/2025\/05\/startup-ole-marbella-26-28-de-junio.png\" \/>\n\t<meta property=\"og:image:width\" content=\"799\" \/>\n\t<meta property=\"og:image:height\" content=\"448\" \/>\n\t<meta property=\"og:image:type\" content=\"image\/png\" \/>\n<meta name=\"twitter:card\" content=\"summary_large_image\" \/>\n<meta name=\"twitter:label1\" content=\"Est. reading time\" \/>\n\t<meta name=\"twitter:data1\" content=\"1 minute\" \/>\n<script type=\"application\/ld+json\" class=\"yoast-schema-graph\">{\"@context\":\"https:\\\/\\\/schema.org\",\"@graph\":[{\"@type\":\"WebPage\",\"@id\":\"https:\\\/\\\/www.apte.org\\\/en\\\/startup-ole-marbella-26-28-june\\\/\",\"url\":\"https:\\\/\\\/www.apte.org\\\/en\\\/startup-ole-marbella-26-28-june\\\/\",\"name\":\"Startup Ol\u00e9 Marbella (June 26-28)\",\"isPartOf\":{\"@id\":\"https:\\\/\\\/www.apte.org\\\/en\\\/#website\"},\"primaryImageOfPage\":{\"@id\":\"https:\\\/\\\/www.apte.org\\\/en\\\/startup-ole-marbella-26-28-june\\\/#primaryimage\"},\"image\":{\"@id\":\"https:\\\/\\\/www.apte.org\\\/en\\\/startup-ole-marbella-26-28-june\\\/#primaryimage\"},\"thumbnailUrl\":\"https:\\\/\\\/www.apte.org\\\/wp-content\\\/uploads\\\/2025\\\/05\\\/startup-ole-marbella-26-28-de-junio.png\",\"datePublished\":\"2024-05-28T06:59:48+00:00\",\"breadcrumb\":{\"@id\":\"https:\\\/\\\/www.apte.org\\\/en\\\/startup-ole-marbella-26-28-june\\\/#breadcrumb\"},\"inLanguage\":\"en-US\",\"potentialAction\":[{\"@type\":\"ReadAction\",\"target\":[\"https:\\\/\\\/www.apte.org\\\/en\\\/startup-ole-marbella-26-28-june\\\/\"]}]},{\"@type\":\"ImageObject\",\"inLanguage\":\"en-US\",\"@id\":\"https:\\\/\\\/www.apte.org\\\/en\\\/startup-ole-marbella-26-28-june\\\/#primaryimage\",\"url\":\"https:\\\/\\\/www.apte.org\\\/wp-content\\\/uploads\\\/2025\\\/05\\\/startup-ole-marbella-26-28-de-junio.png\",\"contentUrl\":\"https:\\\/\\\/www.apte.org\\\/wp-content\\\/uploads\\\/2025\\\/05\\\/startup-ole-marbella-26-28-de-junio.png\",\"width\":799,\"height\":448},{\"@type\":\"BreadcrumbList\",\"@id\":\"https:\\\/\\\/www.apte.org\\\/en\\\/startup-ole-marbella-26-28-june\\\/#breadcrumb\",\"itemListElement\":[{\"@type\":\"ListItem\",\"position\":1,\"name\":\"Portada\",\"item\":\"https:\\\/\\\/www.apte.org\\\/en\\\/home\\\/\"},{\"@type\":\"ListItem\",\"position\":2,\"name\":\"Startup Ol\u00e9 Marbella (June 26-28)\"}]},{\"@type\":\"WebSite\",\"@id\":\"https:\\\/\\\/www.apte.org\\\/en\\\/#website\",\"url\":\"https:\\\/\\\/www.apte.org\\\/en\\\/\",\"name\":\"APTE\",\"description\":\"\",\"potentialAction\":[{\"@type\":\"SearchAction\",\"target\":{\"@type\":\"EntryPoint\",\"urlTemplate\":\"https:\\\/\\\/www.apte.org\\\/en\\\/?s={search_term_string}\"},\"query-input\":{\"@type\":\"PropertyValueSpecification\",\"valueRequired\":true,\"valueName\":\"search_term_string\"}}],\"inLanguage\":\"en-US\"}]}<\/script>\n<!-- \/ Yoast SEO plugin. -->","yoast_head_json":{"title":"Startup Ol\u00e9 Marbella (June 26-28)","robots":{"index":"index","follow":"follow","max-snippet":"max-snippet:-1","max-image-preview":"max-image-preview:large","max-video-preview":"max-video-preview:-1"},"canonical":"https:\/\/www.apte.org\/en\/startup-ole-marbella-26-28-june\/","og_locale":"en_US","og_type":"article","og_title":"Startup Ol\u00e9 Marbella (June 26-28)","og_description":"The I innovation and technological entrepreneurship fair &#8216;Startup OL\u00c9 Marbella&#8217; will take place from June 26th to 28th at the Andaluc\u00eda Lab facilities in Marbella. This new project aims to connect entrepreneurs with investors, facilitating meetings that can generate high-level business. The fair will include various forums aimed at investors, corporations, cybersecurity, accelerators, impact and...","og_url":"https:\/\/www.apte.org\/en\/startup-ole-marbella-26-28-june\/","og_site_name":"APTE","og_image":[{"width":799,"height":448,"url":"https:\/\/apte.org\/wp-content\/uploads\/2025\/05\/startup-ole-marbella-26-28-de-junio.png","type":"image\/png"}],"twitter_card":"summary_large_image","twitter_misc":{"Est. reading time":"1 minute"},"schema":{"@context":"https:\/\/schema.org","@graph":[{"@type":"WebPage","@id":"https:\/\/www.apte.org\/en\/startup-ole-marbella-26-28-june\/","url":"https:\/\/www.apte.org\/en\/startup-ole-marbella-26-28-june\/","name":"Startup Ol\u00e9 Marbella (June 26-28)","isPartOf":{"@id":"https:\/\/www.apte.org\/en\/#website"},"primaryImageOfPage":{"@id":"https:\/\/www.apte.org\/en\/startup-ole-marbella-26-28-june\/#primaryimage"},"image":{"@id":"https:\/\/www.apte.org\/en\/startup-ole-marbella-26-28-june\/#primaryimage"},"thumbnailUrl":"https:\/\/www.apte.org\/wp-content\/uploads\/2025\/05\/startup-ole-marbella-26-28-de-junio.png","datePublished":"2024-05-28T06:59:48+00:00","breadcrumb":{"@id":"https:\/\/www.apte.org\/en\/startup-ole-marbella-26-28-june\/#breadcrumb"},"inLanguage":"en-US","potentialAction":[{"@type":"ReadAction","target":["https:\/\/www.apte.org\/en\/startup-ole-marbella-26-28-june\/"]}]},{"@type":"ImageObject","inLanguage":"en-US","@id":"https:\/\/www.apte.org\/en\/startup-ole-marbella-26-28-june\/#primaryimage","url":"https:\/\/www.apte.org\/wp-content\/uploads\/2025\/05\/startup-ole-marbella-26-28-de-junio.png","contentUrl":"https:\/\/www.apte.org\/wp-content\/uploads\/2025\/05\/startup-ole-marbella-26-28-de-junio.png","width":799,"height":448},{"@type":"BreadcrumbList","@id":"https:\/\/www.apte.org\/en\/startup-ole-marbella-26-28-june\/#breadcrumb","itemListElement":[{"@type":"ListItem","position":1,"name":"Portada","item":"https:\/\/www.apte.org\/en\/home\/"},{"@type":"ListItem","position":2,"name":"Startup Ol\u00e9 Marbella (June 26-28)"}]},{"@type":"WebSite","@id":"https:\/\/www.apte.org\/en\/#website","url":"https:\/\/www.apte.org\/en\/","name":"APTE","description":"","potentialAction":[{"@type":"SearchAction","target":{"@type":"EntryPoint","urlTemplate":"https:\/\/www.apte.org\/en\/?s={search_term_string}"},"query-input":{"@type":"PropertyValueSpecification","valueRequired":true,"valueName":"search_term_string"}}],"inLanguage":"en-US"}]}},"_links":{"self":[{"href":"https:\/\/www.apte.org\/en\/wp-json\/wp\/v2\/evento-de-agenda\/36713","targetHints":{"allow":["GET"]}}],"collection":[{"href":"https:\/\/www.apte.org\/en\/wp-json\/wp\/v2\/evento-de-agenda"}],"about":[{"href":"https:\/\/www.apte.org\/en\/wp-json\/wp\/v2\/types\/evento-de-agenda"}],"wp:featuredmedia":[{"embeddable":true,"href":"https:\/\/www.apte.org\/en\/wp-json\/wp\/v2\/media\/14619"}],"wp:attachment":[{"href":"https:\/\/www.apte.org\/en\/wp-json\/wp\/v2\/media?parent=36713"}],"wp:term":[{"taxonomy":"tipo-de-evento","embeddable":true,"href":"https:\/\/www.apte.org\/en\/wp-json\/wp\/v2\/tipo-de-evento?post=36713"}],"curies":[{"name":"wp","href":"https:\/\/api.w.org\/{rel}","templated":true}]}}

Startup Olé Marbella (June 26-28)

<p><span style="font-size:16px;">The I innovation and technological entrepreneurship fair &#8216;Startup OLÉ Marbella&#8217; will take place from <strong>June 26th to 28th at the Andalucía Lab facilities in Marbella.</strong> This new project aims to connect entrepreneurs with investors, facilitating meetings that can generate high-level business.  </span></p>
<p><span style="font-size:16px;">The fair will include various forums aimed at investors, corporations, cybersecurity, accelerators, impact and universities. In addition, it will feature exclusive content such as round tables and plenary talks with great speakers, a startup fair, pitch competitions, business rounds and networking activities. This initiative promises to be a significant meeting point for the technology and entrepreneurial sector, boosting innovation and business development in the region.  </span></p>
<p><em><strong><span style="font-size:16px;">June 26 &#8211; 17:30 &#8211; 18:00h. Round table: </span><span style="font-size:16px;">&nbsp;Support for entrepreneurship in Spanish Science and Technology Parks&#8217;.</span></strong></em></p>
<ul>
<li><span style="font-size:16px;">Moderator: Soledad Díaz, Managing Director, APTE</span></li>
<li><span style="font-size:16px;">Blanca Gómez, Head of Entrepreneurship PCT Cartuja</span></li>
<li><span style="font-size:16px;">Natalia Pérez, Director of Communication, Innovation and Institutional Relations of MálagaTechPark</span></li>
</ul>
<p><span style="font-size:16px;"><strong><em>June 28 &#8211; 11:00h &#8211; 11:30h. Round Table: &#8216;Technological Disruption as a Tool for Business Competitiveness&#8217;.</em></strong></span></p>
<ul>
<li><span style="font-size:16px;">Moderator: Soledad Díaz, Managing Director, APTE</span></li>
<li><span style="font-size:16px;">Álvaro Monllor. Findit App (Alicante Science Park)</span></li>
<li><span style="font-size:16px;">Aniel Jardines. Applied Innovative Methods, Sl. &nbsp;(Science Park of the Carlos III University)</span></li>
<li><span style="font-size:16px;"><span style="font-family:Arial,Helvetica,sans-serif;">Patricia Galán. Tamiza (Málaga TechPark) </span></span></li>
</ul>
<p><a href="https://startupolemarbella.eu/" target="_blank"><span style="font-size:16px;">More information</span></a></p>

<!-- This site is optimized with the Yoast SEO plugin v27.5 - https://yoast.com/product/yoast-seo-wordpress/ -->
<title>Startup Olé Marbella (June 26-28)</title>
<meta name="robots" content="index, follow, max-snippet:-1, max-image-preview:large, max-video-preview:-1" />
<link rel="canonical" href="https://www.apte.org/en/startup-ole-marbella-26-28-june/" />
<meta property="og:locale" content="en_US" />
<meta property="og:type" content="article" />
<meta property="og:title" content="Startup Olé Marbella (June 26-28)" />
<meta property="og:description" content="The I innovation and technological entrepreneurship fair &#8216;Startup OLÉ Marbella&#8217; will take place from June 26th to 28th at the Andalucía Lab facilities in Marbella. This new project aims to connect entrepreneurs with investors, facilitating meetings that can generate high-level business. The fair will include various forums aimed at investors, corporations, cybersecurity, accelerators, impact and..." />
<meta property="og:url" content="https://www.apte.org/en/startup-ole-marbella-26-28-june/" />
<meta property="og:site_name" content="APTE" />
<meta property="og:image" content="https://apte.org/wp-content/uploads/2025/05/startup-ole-marbella-26-28-de-junio.png" />
	<meta property="og:image:width" content="799" />
	<meta property="og:image:height" content="448" />
	<meta property="og:image:type" content="image/png" />
<meta name="twitter:card" content="summary_large_image" />
<meta name="twitter:label1" content="Est. reading time" />
	<meta name="twitter:data1" content="1 minute" />
<script type="application/ld+json" class="yoast-schema-graph">{"@context":"https:\/\/schema.org","@graph":[{"@type":"WebPage","@id":"https:\/\/www.apte.org\/en\/startup-ole-marbella-26-28-june\/","url":"https:\/\/www.apte.org\/en\/startup-ole-marbella-26-28-june\/","name":"Startup Olé Marbella (June 26-28)","isPartOf":{"@id":"https:\/\/www.apte.org\/en\/#website"},"primaryImageOfPage":{"@id":"https:\/\/www.apte.org\/en\/startup-ole-marbella-26-28-june\/#primaryimage"},"image":{"@id":"https:\/\/www.apte.org\/en\/startup-ole-marbella-26-28-june\/#primaryimage"},"thumbnailUrl":"https:\/\/www.apte.org\/wp-content\/uploads\/2025\/05\/startup-ole-marbella-26-28-de-junio.png","datePublished":"2024-05-28T06:59:48+00:00","breadcrumb":{"@id":"https:\/\/www.apte.org\/en\/startup-ole-marbella-26-28-june\/#breadcrumb"},"inLanguage":"en-US","potentialAction":[{"@type":"ReadAction","target":["https:\/\/www.apte.org\/en\/startup-ole-marbella-26-28-june\/"]}]},{"@type":"ImageObject","inLanguage":"en-US","@id":"https:\/\/www.apte.org\/en\/startup-ole-marbella-26-28-june\/#primaryimage","url":"https:\/\/www.apte.org\/wp-content\/uploads\/2025\/05\/startup-ole-marbella-26-28-de-junio.png","contentUrl":"https:\/\/www.apte.org\/wp-content\/uploads\/2025\/05\/startup-ole-marbella-26-28-de-junio.png","width":799,"height":448},{"@type":"BreadcrumbList","@id":"https:\/\/www.apte.org\/en\/startup-ole-marbella-26-28-june\/#breadcrumb","itemListElement":[{"@type":"ListItem","position":1,"name":"Portada","item":"https:\/\/www.apte.org\/en\/home\/"},{"@type":"ListItem","position":2,"name":"Startup Olé Marbella (June 26-28)"}]},{"@type":"WebSite","@id":"https:\/\/www.apte.org\/en\/#website","url":"https:\/\/www.apte.org\/en\/","name":"APTE","description":"","potentialAction":[{"@type":"SearchAction","target":{"@type":"EntryPoint","urlTemplate":"https:\/\/www.apte.org\/en\/?s={search_term_string}"},"query-input":{"@type":"PropertyValueSpecification","valueRequired":true,"valueName":"search_term_string"}}],"inLanguage":"en-US"}]}</script>
<!-- / Yoast SEO plugin. -->

The I innovation and technological entrepreneurship fair &#8216;Startup OLÉ Marbella&#8217; will take place from June 26th to 28th at the Andalucía Lab facilities in Marbella. This new project aims to connect entrepreneurs with investors, facilitating meetings that can generate high-level business. The fair will include various forums aimed at investors, corporations, cybersecurity, accelerators, impact and...
